2. Determine x(4).
-9
Suppose 3*t + 6 - 26 = w, 10 = -2*t - 4*w. Let c = -5 + t. Let d(u) = -u**3 - u**2 + u - 5. What is d(c)?
-5
Let t be -5*(-1)/(-10)*16. Let s be 10/2 + t/4. Let h(x) = 4*x - 4. Determine h(s).
8
Let t be -2*(-2 - (-3 - 0)). Let l(x) = -32*x - 4. Let n(j) = -8*j - 1. Let u(d) = t*l(d) + 9*n(d). What is u(-1)?
7
Let n(z) = -9 + z + 13 - 2*z - 3. Determine n(-5).
6
Let r(u) = 3*u + 5. Suppose -4*c + 3*o + 16 = 0, -3*c - o + 12 = o. Let l be 5/4 - c/16. Let x be 1/(-2)*8*l. Give r(x).
-7
Let h(d) = 3*d + d**2 - 3 - 2 - 3 + 1. Suppose -10*o = 20 + 30. Determine h(o).
3
Let q(t) = t**2 - t - 1. Let o(n) = 3*n**2 - 3*n - 2. Let z be ((-3)/2)/(6/(-4)). Let y(c) = z*o(c) - q(c). Determine y(-1).
3
Let l(r) = r**3 - 5*r**2 + 4*r - 4. Let a be -2 + (2 - -5) + -2. What is l(a)?
-10
Let c be ((-9)/27)/(2/18). Let n(m) = 2*m + 2. Give n(c).
-4
Suppose -2*f + h = 3*h + 2, 5*f - 4*h + 41 = 0. Let t(s) be the second derivative of -s**5/20 - s**4/3 + 5*s**3/6 + s**2 + 3*s. Determine t(f).
2
Let p(n) = -2*n**2 + 13*n - 2. Let j be p(6). Let t(x) = 3*x - 6. What is t(j)?
6
Suppose 3*n = 2*n + 2. Let q(v) = 2*v + 0*v + n*v + v**2 + 0*v**2. Calculate q(-6).
12
Let u(f) be the third derivative of -11/24*f**4 + 0 - 2*f**2 + 0*f + 1/6*f**3. Let s = -2 - -3. Calculate u(s).
-10
Let n(m) = -3*m + 3. Let t(b) = -b. Let l(h) = -2. Let d(r) = -l(r) + 3*t(r). Let c(z) = -6*d(z) + 5*n(z). What is c(-2)?
-3
Let k(j) = -3*j + 1. Let o(u) = -u**2 - u + 1. Let s be o(-1). What is k(s)?
-2
Let h(y) = y**3 + 4*y**2 - 3*y + 7. Suppose -z = -2*p - 7, 4*p + 3 + 29 = -4*z. What is h(p)?
-3
Let d(f) = 2*f**2 + f. Let k(x) = -2*x + 2 + 0 + 0 - 1. Let s be k(0). Give d(s).
3
Let k = 2 - 1. Let g(t) = -t + 1. Let m be g(k). Let f(v) = -6*v**2 + v - 10. Let p(n) = 7*n**2 - n + 10. Let i(b) = 6*f(b) + 5*p(b). Calculate i(m).
-10
Let y(t) = 7 + t + 2*t - 4*t - 1. Let o be y(5). Let q(f) = f - f + 2*f. Calculate q(o).
2
Let z(s) = s**2 + 4*s + 3. Suppose 2*t = 3*i - 13, 0 = 3*t + 3*i - i. Determine z(t).
-1
Let n(y) be the third derivative of -1/60*y**5 + 0 + 0*y - 4/3*y**3 - 7/24*y**4 + y**2. Give n(-6).
-2
Let f(s) be the second derivative of s**5/20 + s**4/12 - s**3/6 + 3*s**2/2 - s. Let p be f(0). Suppose p*d - 4*d + 2 = 0. Let a(v) = -4*v + 1. Determine a(d).
-7
Let l = 7 + -7. Let i(c) be the second derivative of -c + 1/12*c**4 + l*c**3 + 0 + 0*c**2. What is i(1)?
1
Let v(p) = p**3 + 1. Let i be (-28)/(-8) + 1/2. Suppose 0 = -0*t - 4*t + i. Give v(t).
2
Let q(v) = -v**3 + 8*v**2 - 4*v + 6. Let p be q(8). Let o = 29 + p. Let z(n) = -2*n + 3. Calculate z(o).
-3
Let g(s) = 2*s**2 + 2*s - 1. Let i(v) = 1 - 5 + 0*v - v. Let y be 4/3*6/(-4). Let l be i(y). What is g(l)?
3
Suppose -3*u + 8*u = 10. Let s(i) be the first derivative of -4*i**u + 2*i - 1 + 2 + 5*i**2. Give s(-3).
-4
Let k be 21/(-35) + (-33)/(-5). Let w(o) = -o**2 + 5*o - 7. Determine w(k).
-13
Let g(a) = -2*a**2 + 22*a + 27. Let v be g(12). Let o(m) = m**3 - 3*m**2 - 2*m - 1. Calculate o(v).
-7
Let w(s) = s**2 - 4*s - 1. Let q(k) = 4*k. Suppose 4 = 5*f + i, -4*i + 0 = -f + 5. Let m be q(f). Give w(m).
-1
Suppose -2 + 10 = 4*k. Let j(b) be the second derivative of 2*b**3/3 + 2*b**2 - 3*b. Let p(x) = x**2 + 5*x + 5. Let v(s) = -3*j(s) + 2*p(s). What is v(k)?
2
Let s(m) be the second derivative of m**3/6 + 2*m. Let d(b) = 6. Let a(l) = d(l) - 2*s(l). Let x be 6*((-7)/3 - -3). Calculate a(x).
-2
Let b(q) be the third derivative of -1/2*q**3 + 0*q + 0 - 5/12*q**4 + 6*q**2. Calculate b(-2).
17
Let r(u) = -u + 14. Let i be r(7). Let l(v) = -v + 10. Give l(i).
3
Let d(v) be the second derivative of -v**4/12 - 4*v**3/3 - 3*v**2 + 6*v. Calculate d(-6).
6
Let v(c) = 2*c**2 + 2*c + 1. Let n(l) = -3 + 3 - l - 2 - 4. Let m be n(-5). Determine v(m).
1
Let m(x) = -27*x + 7*x**2 - 7 - 34*x + 64*x + x**3. What is m(-6)?
11
Let z(n) = -11 - 23*n + 23*n - n**3. Give z(0).
-11
Let x(d) be the third derivative of d**5/60 + d**4/12 - 2*d**3/3 + 2*d**2 - 9*d. What is x(-4)?
4
Let x(z) be the first derivative of -4*z**3/3 + z**2 + 5. Let l(u) = u**2 + 1. Let j(w) = -3*l(w) - x(w). Let k be (1*2 + -1)*3. Calculate j(k).
0
Let k(q) = 3*q**2 - 15 + q**2 - q**3 - q + 17. Determine k(4).
-2
Let g be 2/((-4)/(-7))*-2. Let y(c) = c. Determine y(g).
-7
Let z(o) be the third derivative of -o**7/2520 + o**6/180 - o**5/120 + o**4/12 - 2*o**2. Let q(l) be the second derivative of z(l). Give q(3).
2
Let o(f) = -f + 9. Let v be o(7). Let p(m) = m + 2*m**3 + 8*m**3 - m**3 - v*m. Calculate p(-1).
-8
Let h(d) be the first derivative of -2*d**2 - d + 17. What is h(1)?
-5
Let z(w) = 8. Let t(k) = -2*k + 2. Let o(p) = 3*p - 3. Let y(l) = 3*o(l) + 4*t(l). Let f(c) = y(c) + z(c). Calculate f(0).
7
Let t = 8 - 3. Let y(w) = -3*w - w - t + w. Let c be 1*(1 - 5)*1. Give y(c).
7
Suppose -2*r - 3*z = -7, z = 5*r + 6*z - 10. Let l be (-8)/12 + (-34)/(-6). Let x(o) = -3*o**3 - 1 - 2*o**2 + l*o**3 + o**3 - 2*o. What is x(r)?
-4
Suppose 0 = h - 2*l - 11, -2*l + 3*l + 16 = 2*h. Let k(o) = -o**3 + 6*o**2 + 7*o + 1. Calculate k(h).
1
Let y(g) = -4*g - 3. Let q be ((-27)/18)/(-2 + (-19)/(-8)). Give y(q).
13
Let x = 4 + 4. Let v be x + -3 - (1 + 1). Let g(p) = -p - 4. Give g(v).
-7
Let x(q) = 13*q + 39. Let i(h) = -7*h - 20. Let a(b) = 11*i(b) + 6*x(b). Give a(0).
14
Let p(h) = -9*h**2 - h + 4. Let v(a) = -4*a**2 + 2. Suppose l + 3*l = 8. Suppose 2*b = -2*i + 4*b, 3*i = 4*b - l. Let g(q) = i*p(q) - 5*v(q). Calculate g(3).
10
Let d(u) = u**2. Let a(p) = 2*p**2 - 6*p + 1. Let s(z) = -a(z) + 3*d(z). Let q(r) be the first derivative of s(r). Let o be (48/32)/((-3)/8). Determine q(o).
-2
Let a(w) = w**2 - w + 1. Suppose h = -h + 8. Suppose -11 = j - h*j - v, 11 = -j - 4*v. Suppose 7 = 2*y + j*d, 3*d + 2 = 5*y - 0*y. Determine a(y).
1
Let h(n) = n**3 + 4*n**2 - 5*n + 1. Let m(p) = 2*p**3 + 3*p**2 + p + 1. Let z be m(-2). Determine h(z).
1
Suppose -a + 2 = -2*g - 3*g, -8 = -4*a - g. Let v = 7 + -5. Let h(w) = 2 + 3*w**2 - 4*w**v + 2*w**a + 5*w. Calculate h(-2).
-4
Let v(u) = -4*u + 1. Let c = 10 - -4. Suppose s - 2 = -0, 3*f - c = -s. Calculate v(f).
-15
Let l(n) be the first derivative of n**3/3 - 4*n**2 + 7*n - 10. Give l(6).
-5
Suppose 5*g + 7*v - 3*v = 26, -3*g = 3*v - 18. Let b be -7 - -7 - 6/g. Let a(q) = q**3 + 4*q**2 - 2. Calculate a(b).
7
Suppose 3*w + 11*x = 6*x - 14, -5*w - 3*x - 18 = 0. Let b be (-3 - -2) + w - -1. Let r(t) = 3*t + 1. Calculate r(b).
-8
Let a(f) be the third derivative of -f**3/6 + 4*f**2. Let q(z) = -z**2 - z - 5. Let t(s) = 4*a(s) - q(s). Let o = 2 - 0. Give t(o).
7
Let k(u) be the first derivative of -u**2/2 + 7*u - 6. Determine k(5).
2
Suppose -7*o = -2*o. Let t(y) = -8 + 6 + 3*y - 4*y - 11. Let r(n) = 1. Let w(i) = 5*r(i) + t(i). Give w(o).
-8
Suppose 20 = 2*u + 4*x, 5*u + 3*x = 6*u + 10. Let n(g) = -3*g**2 + 5*g - 3*g - 3 + 4*g**2. What is n(u)?
5
Let z(q) = 5*q. Let y(x) = 9*x. Let n(f) = -6*y(f) + 11*z(f). Calculate n(-6).
-6
Let r(c) = 7 - 6*c - c**2 + 3*c**2 - c**2. Let m be r(5). Let z(n) be the third derivative of -n**4/24 - n**3/3 + 2*n**2. Give z(m).
-4
Suppose -4 = 4*o - 16. Let p(q) be the first derivative of -1/3*q**3 - 1 + o*q**2 - 3*q. Calculate p(2).
5
Let f(o) = o**2 - o - 1. Let d = 25 - 21. What is f(d)?
11
Suppose 5*o = -0*o + 5. Let q(w) = 28*w**3 + 13*w**2 + w + 3. Let m(f) = 9*f**3 + 4*f**2 + 1. Let s(u) = 7*m(u) - 2*q(u). Give s(o).
8
Let b(t) = 2*t**2 - 3*t. Let u be -1*(-2)/(-5)*-10. Suppose 0 = -p - p + u. What is b(p)?
2
Let k(p) = -6*p**2 - 16*p - 15. Let u(r) = r**2 + 3*r + 3. Let a(v) = 2*k(v) + 11*u(v). What is a(3)?
-3
Let a(x) = -2*x**3 - 2*x**2 - x + 2. Let b be ((1 - 3) + 4 + 0)/(-1). Calculate a(b).
12
Suppose -3*i - 2*i = 0. Suppose -m - 1 - 5 = i. Let l(k) = k + 2. Determine l(m).
-4
Let f = -41 - -35. Let h(a) = 2*a + 5. Give h(f).
-7
Let s(i) = -i**2 - 1. Let o = 4 + -7. Determine s(o).
-10
Let z(i) = i**2 - i - 4. Let j = -6 - -11. What is z(j)?
16
Let l(m) = -1 - 3*m + 5 - m**3 + 0*m**3 + 5*m**2. Let o(d) = d**3 - 5*d**2 + 4*d - 4. Let n be o(3). Let i = -6 - n. Determine l(i).
8
Let u = 19 + -13. Let i(q) = -11*q**2 - 6*q - 5. Let t(c) = 21*c**2 + 11*c + 9. Let s(z) = u*t(z) + 11*i(z). Give s(-1).
4
Let m(o) be the third derivative of o**5/60 + 5*o**4/24 + o**3/2 - 19*o**2. Let k(t) = -t - 4. L